{"id":26,"date":"2018-05-09T02:44:36","date_gmt":"2018-05-09T02:44:36","guid":{"rendered":"http:\/\/www.websitesfl.com\/clients\/polskiefirmy\/manage-listings\/"},"modified":"2018-05-29T07:09:57","modified_gmt":"2018-05-29T02:09:57","slug":"zmien-swoj-wpis","status":"publish","type":"page","link":"https:\/\/kierunekfloryda.com\/polskiefirmy\/zmien-swoj-wpis\/","title":{"rendered":"Zmie\u0144 sw\u00f3j wpis"},"content":{"rendered":"<p><a href=\"http:\/\/kierunekfloryda.com\/polskiefirmy\/mojekonto\/\">Moje konto<\/a>\u00a0 \u00a0 <a href=\"http:\/\/www.KierunekFloryda.com\/polskiefirmy\/zaloguj-wyloguj\">Zaloguj\/Wyloguj<\/a><\/p>\n<p>Poni\u017cej znajduje si\u0119 lista Twoich wpis\u00f3w oraz ich status. W przypadku statusu PENDING poczekaj, a\u017c wpis zostanie przez nas odblokowany.<\/p>\n\r\n<div class=\"acadp acadp-login-form\">\r\n\t<!-- Show errors if there are any -->\r\n\t\r\n\t<!-- Show logged out message if user just logged out -->\r\n\t\r\n\t\r\n\t\r\n\t\r\n\t<form id=\"acadp-login-form\" class=\"form-horizontal\" action=\"https:\/\/kierunekfloryda.com\/polskiefirmy\/wp-login.php\" method=\"post\" role=\"form\">\r\n        <div class=\"form-group\">\r\n            <label for=\"acadp-user-login\" class=\"col-sm-3 control-label\">Username or E-mail<\/label>\r\n            <div class=\"col-sm-9\">\r\n            \t<input type=\"text\" name=\"log\" id=\"acadp-user-login\" class=\"form-control\" required \/>\r\n           \t<\/div>\r\n        <\/div>\r\n        \r\n        <div class=\"form-group\">\r\n            <label for=\"acadp-user-pass\" class=\"col-sm-3 control-label\">Password<\/label>\r\n            <div class=\"col-sm-9\">\r\n            \t<input type=\"password\" name=\"pwd\" id=\"acadp-user-pass\" class=\"form-control\" required \/>\r\n            <\/div>\r\n        <\/div>\r\n        \r\n        <div class=\"form-group\">\r\n    \t\t<div class=\"col-sm-offset-3 col-sm-9\">\r\n        \t\t<div class=\"checkbox\">\r\n    \t\t\t\t<label>\r\n            \t\t\t<input type=\"checkbox\" name=\"rememberme\" id=\"acadp-rememberme\" value=\"forever\">Remember Me            \t\t<\/label>\r\n \t\t\t\t<\/div>\r\n        \t<\/div>\r\n        <\/div>\r\n\r\n\t\t<!-- Hook for developers to add new fields -->\r\n                \r\n        <div class=\"form-group\">\r\n    \t\t<div class=\"col-sm-offset-3 col-sm-9\">\r\n            \t            \t\t<input type=\"hidden\" name=\"redirect_to\" value=\"https:\/\/kierunekfloryda.com\/polskiefirmy\/wp-json\/wp\/v2\/pages\/26\" \/>\r\n                                \r\n        \t\t<input type=\"submit\" class=\"btn btn-primary\" value=\"Login\" \/>\r\n           \t<\/div>\r\n       \t<\/div>   \r\n        \r\n        <div class=\"form-group\">\r\n    \t\t<div class=\"col-sm-offset-3 col-sm-9\">\r\n            \t<p class=\"acadp-forgot-password\">  \r\n                    <a href=\"https:\/\/kierunekfloryda.com\/polskiefirmy\/przypomnij-haslo\/?redirect_to=https%3A%2F%2Fkierunekfloryda.com%2Fpolskiefirmy%2Fwp-json%2Fwp%2Fv2%2Fpages%2F26\">Forgot your password?<\/a>\r\n                <\/p>\r\n                \r\n                                    <p class=\"acadp-register-account\">  \r\n                        <a href=\"https:\/\/kierunekfloryda.com\/polskiefirmy\/zarejestruj-sie\/?redirect_to=https%3A%2F%2Fkierunekfloryda.com%2Fpolskiefirmy%2Fwp-json%2Fwp%2Fv2%2Fpages%2F26\">Create an account<\/a>\r\n                    <\/p>\r\n                            <\/div>\r\n       \t<\/div>\r\n    <\/form>\r\n<\/div>\n","protected":false},"excerpt":{"rendered":"<p>Moje konto\u00a0 \u00a0 Zaloguj\/Wyloguj Poni\u017cej znajduje si\u0119 lista Twoich wpis\u00f3w oraz ich status. W przypadku statusu PENDING poczekaj, a\u017c wpis zostanie przez nas odblokowany.<\/p>\n","protected":false},"author":1,"featured_media":0,"parent":0,"menu_order":0,"comment_status":"closed","ping_status":"closed","template":"","meta":{"footnotes":""},"class_list":["post-26","page","type-page","status-publish","hentry"],"_links":{"self":[{"href":"https:\/\/kierunekfloryda.com\/polskiefirmy\/wp-json\/wp\/v2\/pages\/26","targetHints":{"allow":["GET"]}}],"collection":[{"href":"https:\/\/kierunekfloryda.com\/polskiefirmy\/wp-json\/wp\/v2\/pages"}],"about":[{"href":"https:\/\/kierunekfloryda.com\/polskiefirmy\/wp-json\/wp\/v2\/types\/page"}],"author":[{"embeddable":true,"href":"https:\/\/kierunekfloryda.com\/polskiefirmy\/wp-json\/wp\/v2\/users\/1"}],"replies":[{"embeddable":true,"href":"https:\/\/kierunekfloryda.com\/polskiefirmy\/wp-json\/wp\/v2\/comments?post=26"}],"version-history":[{"count":12,"href":"https:\/\/kierunekfloryda.com\/polskiefirmy\/wp-json\/wp\/v2\/pages\/26\/revisions"}],"predecessor-version":[{"id":247,"href":"https:\/\/kierunekfloryda.com\/polskiefirmy\/wp-json\/wp\/v2\/pages\/26\/revisions\/247"}],"wp:attachment":[{"href":"https:\/\/kierunekfloryda.com\/polskiefirmy\/wp-json\/wp\/v2\/media?parent=26"}],"curies":[{"name":"wp","href":"https:\/\/api.w.org\/{rel}","templated":true}]}}