{"id":20,"date":"2018-05-09T02:44:36","date_gmt":"2018-05-09T02:44:36","guid":{"rendered":"http:\/\/www.websitesfl.com\/clients\/polskiefirmy\/listing-categories\/"},"modified":"2018-05-29T08:19:16","modified_gmt":"2018-05-29T03:19:16","slug":"kategorie","status":"publish","type":"page","link":"https:\/\/kierunekfloryda.com\/polskiefirmy\/kategorie\/","title":{"rendered":"Kategorie"},"content":{"rendered":"\r\n<div class=\"acadp acadp-categories acadp-image-grid\">\r\n\t<div class=\"row acadp-no-margin\"><div class=\"col-md-4\"><div class=\"thumbnail\"><a href=\"https:\/\/kierunekfloryda.com\/polskiefirmy\/kategoria\/polskie-firmy-budowlane\/\" class=\"acadp-responsive-container\" title=\"View all posts in Budowlane\"><img decoding=\"async\" src=\"https:\/\/kierunekfloryda.com\/polskiefirmy\/wp-content\/uploads\/2018\/05\/firmybudowlane-300x198.jpg\" class=\"acadp-responsive-item\" alt=\"\" \/><\/a><div class=\"caption\"><h3 class=\"acadp-no-margin\"><a href=\"https:\/\/kierunekfloryda.com\/polskiefirmy\/kategoria\/polskie-firmy-budowlane\/\" title=\"View all posts in Budowlane\"><strong>Budowlane<\/strong> (0)<\/a><\/h3><\/div><\/div><\/div><div class=\"col-md-4\"><div class=\"thumbnail\"><a href=\"https:\/\/kierunekfloryda.com\/polskiefirmy\/kategoria\/komputery\/\" class=\"acadp-responsive-container\" title=\"View all posts in Komputery\"><img decoding=\"async\" src=\"https:\/\/kierunekfloryda.com\/polskiefirmy\/wp-content\/uploads\/2018\/05\/uslugikomputery-300x200.jpg\" class=\"acadp-responsive-item\" alt=\"\" \/><\/a><div class=\"caption\"><h3 class=\"acadp-no-margin\"><a href=\"https:\/\/kierunekfloryda.com\/polskiefirmy\/kategoria\/komputery\/\" title=\"View all posts in Komputery\"><strong>Komputery<\/strong> (2)<\/a><\/h3><\/div><\/div><\/div><div class=\"col-md-4\"><div class=\"thumbnail\"><a href=\"https:\/\/kierunekfloryda.com\/polskiefirmy\/kategoria\/koscioly\/\" class=\"acadp-responsive-container\" title=\"View all posts in Ko\u015bcio\u0142y\"><img decoding=\"async\" src=\"https:\/\/kierunekfloryda.com\/polskiefirmy\/wp-content\/uploads\/2018\/05\/polskiekoscioly-300x200.jpg\" class=\"acadp-responsive-item\" alt=\"\" \/><\/a><div class=\"caption\"><h3 class=\"acadp-no-margin\"><a href=\"https:\/\/kierunekfloryda.com\/polskiefirmy\/kategoria\/koscioly\/\" title=\"View all posts in Ko\u015bcio\u0142y\"><strong>Ko\u015bcio\u0142y<\/strong> (14)<\/a><\/h3><\/div><\/div><\/div><\/div><div class=\"row acadp-no-margin\"><div class=\"col-md-4\"><div class=\"thumbnail\"><a href=\"https:\/\/kierunekfloryda.com\/polskiefirmy\/kategoria\/ksiegowosc\/\" class=\"acadp-responsive-container\" title=\"View all posts in Ksi\u0119gowo\u015b\u0107\"><img decoding=\"async\" src=\"https:\/\/kierunekfloryda.com\/polskiefirmy\/wp-content\/uploads\/2018\/05\/ksiegowosc-300x200.jpg\" class=\"acadp-responsive-item\" alt=\"\" \/><\/a><div class=\"caption\"><h3 class=\"acadp-no-margin\"><a href=\"https:\/\/kierunekfloryda.com\/polskiefirmy\/kategoria\/ksiegowosc\/\" title=\"View all posts in Ksi\u0119gowo\u015b\u0107\"><strong>Ksi\u0119gowo\u015b\u0107<\/strong> (2)<\/a><\/h3><\/div><\/div><\/div><div class=\"col-md-4\"><div class=\"thumbnail\"><a href=\"https:\/\/kierunekfloryda.com\/polskiefirmy\/kategoria\/lekarze\/\" class=\"acadp-responsive-container\" title=\"View all posts in Lekarze\"><img decoding=\"async\" src=\"https:\/\/kierunekfloryda.com\/polskiefirmy\/wp-content\/uploads\/2018\/05\/lekarz-300x200.jpg\" class=\"acadp-responsive-item\" alt=\"\" \/><\/a><div class=\"caption\"><h3 class=\"acadp-no-margin\"><a href=\"https:\/\/kierunekfloryda.com\/polskiefirmy\/kategoria\/lekarze\/\" title=\"View all posts in Lekarze\"><strong>Lekarze<\/strong> (2)<\/a><\/h3><\/div><\/div><\/div><div class=\"col-md-4\"><div class=\"thumbnail\"><a href=\"https:\/\/kierunekfloryda.com\/polskiefirmy\/kategoria\/motoryzacja\/\" class=\"acadp-responsive-container\" title=\"View all posts in Motoryzacja\"><img decoding=\"async\" src=\"https:\/\/kierunekfloryda.com\/polskiefirmy\/wp-content\/uploads\/2018\/05\/motoryzacja-300x199.jpg\" class=\"acadp-responsive-item\" alt=\"\" \/><\/a><div class=\"caption\"><h3 class=\"acadp-no-margin\"><a href=\"https:\/\/kierunekfloryda.com\/polskiefirmy\/kategoria\/motoryzacja\/\" title=\"View all posts in Motoryzacja\"><strong>Motoryzacja<\/strong> (0)<\/a><\/h3><\/div><\/div><\/div><\/div><div class=\"row acadp-no-margin\"><div class=\"col-md-4\"><div class=\"thumbnail\"><a href=\"https:\/\/kierunekfloryda.com\/polskiefirmy\/kategoria\/nieruchomosci\/\" class=\"acadp-responsive-container\" title=\"View all posts in Nieruchomo\u015bci\"><img decoding=\"async\" src=\"https:\/\/kierunekfloryda.com\/polskiefirmy\/wp-content\/uploads\/2018\/05\/domzbasenem-300x200.jpg\" class=\"acadp-responsive-item\" alt=\"\" \/><\/a><div class=\"caption\"><h3 class=\"acadp-no-margin\"><a href=\"https:\/\/kierunekfloryda.com\/polskiefirmy\/kategoria\/nieruchomosci\/\" title=\"View all posts in Nieruchomo\u015bci\"><strong>Nieruchomo\u015bci<\/strong> (1)<\/a><\/h3><\/div><\/div><\/div><div class=\"col-md-4\"><div class=\"thumbnail\"><a href=\"https:\/\/kierunekfloryda.com\/polskiefirmy\/kategoria\/organizacje\/\" class=\"acadp-responsive-container\" title=\"View all posts in Organizacje\"><img decoding=\"async\" src=\"https:\/\/kierunekfloryda.com\/polskiefirmy\/wp-content\/uploads\/2018\/05\/mapapolska-300x200.jpg\" class=\"acadp-responsive-item\" alt=\"\" \/><\/a><div class=\"caption\"><h3 class=\"acadp-no-margin\"><a href=\"https:\/\/kierunekfloryda.com\/polskiefirmy\/kategoria\/organizacje\/\" title=\"View all posts in Organizacje\"><strong>Organizacje<\/strong> (12)<\/a><\/h3><\/div><\/div><\/div><div class=\"col-md-4\"><div class=\"thumbnail\"><a href=\"https:\/\/kierunekfloryda.com\/polskiefirmy\/kategoria\/paczki-do-europy\/\" class=\"acadp-responsive-container\" title=\"View all posts in Paczki do Europy\"><img decoding=\"async\" src=\"https:\/\/kierunekfloryda.com\/polskiefirmy\/wp-content\/uploads\/2018\/06\/paczkidoeuropy-300x210.png\" class=\"acadp-responsive-item\" alt=\"\" \/><\/a><div class=\"caption\"><h3 class=\"acadp-no-margin\"><a href=\"https:\/\/kierunekfloryda.com\/polskiefirmy\/kategoria\/paczki-do-europy\/\" title=\"View all posts in Paczki do Europy\"><strong>Paczki do Europy<\/strong> (27)<\/a><\/h3><\/div><\/div><\/div><\/div><div class=\"row acadp-no-margin\"><div class=\"col-md-4\"><div class=\"thumbnail\"><a href=\"https:\/\/kierunekfloryda.com\/polskiefirmy\/kategoria\/pozostale\/\" class=\"acadp-responsive-container\" title=\"View all posts in Pozosta\u0142e\"><img decoding=\"async\" src=\"https:\/\/kierunekfloryda.com\/polskiefirmy\/wp-content\/uploads\/2018\/05\/pracownicy-300x200.jpg\" class=\"acadp-responsive-item\" alt=\"\" \/><\/a><div class=\"caption\"><h3 class=\"acadp-no-margin\"><a href=\"https:\/\/kierunekfloryda.com\/polskiefirmy\/kategoria\/pozostale\/\" title=\"View all posts in Pozosta\u0142e\"><strong>Pozosta\u0142e<\/strong> (4)<\/a><\/h3><\/div><\/div><\/div><div class=\"col-md-4\"><div class=\"thumbnail\"><a href=\"https:\/\/kierunekfloryda.com\/polskiefirmy\/kategoria\/rekodzielo\/\" class=\"acadp-responsive-container\" title=\"View all posts in R\u0119kodzie\u0142o\"><img decoding=\"async\" src=\"https:\/\/kierunekfloryda.com\/polskiefirmy\/wp-content\/uploads\/2018\/05\/polskierekodzielo-300x200.jpg\" class=\"acadp-responsive-item\" alt=\"\" \/><\/a><div class=\"caption\"><h3 class=\"acadp-no-margin\"><a href=\"https:\/\/kierunekfloryda.com\/polskiefirmy\/kategoria\/rekodzielo\/\" title=\"View all posts in R\u0119kodzie\u0142o\"><strong>R\u0119kodzie\u0142o<\/strong> (1)<\/a><\/h3><\/div><\/div><\/div><div class=\"col-md-4\"><div class=\"thumbnail\"><a href=\"https:\/\/kierunekfloryda.com\/polskiefirmy\/kategoria\/restauracje\/\" class=\"acadp-responsive-container\" title=\"View all posts in Restauracje\"><img decoding=\"async\" src=\"https:\/\/kierunekfloryda.com\/polskiefirmy\/wp-content\/uploads\/2018\/05\/polskierestauracje-300x200.jpg\" class=\"acadp-responsive-item\" alt=\"\" \/><\/a><div class=\"caption\"><h3 class=\"acadp-no-margin\"><a href=\"https:\/\/kierunekfloryda.com\/polskiefirmy\/kategoria\/restauracje\/\" title=\"View all posts in Restauracje\"><strong>Restauracje<\/strong> (3)<\/a><\/h3><\/div><\/div><\/div><\/div><div class=\"row acadp-no-margin\"><div class=\"col-md-4\"><div class=\"thumbnail\"><a href=\"https:\/\/kierunekfloryda.com\/polskiefirmy\/kategoria\/sklepy\/\" class=\"acadp-responsive-container\" title=\"View all posts in Sklepy\"><img decoding=\"async\" src=\"https:\/\/kierunekfloryda.com\/polskiefirmy\/wp-content\/uploads\/2018\/06\/polskiesklepy-300x200.jpg\" class=\"acadp-responsive-item\" alt=\"\" \/><\/a><div class=\"caption\"><h3 class=\"acadp-no-margin\"><a href=\"https:\/\/kierunekfloryda.com\/polskiefirmy\/kategoria\/sklepy\/\" title=\"View all posts in Sklepy\"><strong>Sklepy<\/strong> (17)<\/a><\/h3><\/div><\/div><\/div><div class=\"col-md-4\"><div class=\"thumbnail\"><a href=\"https:\/\/kierunekfloryda.com\/polskiefirmy\/kategoria\/szkoly\/\" class=\"acadp-responsive-container\" title=\"View all posts in Szko\u0142y\"><img decoding=\"async\" src=\"https:\/\/kierunekfloryda.com\/polskiefirmy\/wp-content\/uploads\/2018\/06\/polskieszkoly-300x198.jpg\" class=\"acadp-responsive-item\" alt=\"\" \/><\/a><div class=\"caption\"><h3 class=\"acadp-no-margin\"><a href=\"https:\/\/kierunekfloryda.com\/polskiefirmy\/kategoria\/szkoly\/\" title=\"View all posts in Szko\u0142y\"><strong>Szko\u0142y<\/strong> (5)<\/a><\/h3><\/div><\/div><\/div><div class=\"col-md-4\"><div class=\"thumbnail\"><a href=\"https:\/\/kierunekfloryda.com\/polskiefirmy\/kategoria\/tlumaczenia\/\" class=\"acadp-responsive-container\" title=\"View all posts in T\u0142umaczenia\"><img decoding=\"async\" src=\"https:\/\/kierunekfloryda.com\/polskiefirmy\/wp-content\/uploads\/2018\/05\/tlumaczenia-300x200.jpg\" class=\"acadp-responsive-item\" alt=\"\" \/><\/a><div class=\"caption\"><h3 class=\"acadp-no-margin\"><a href=\"https:\/\/kierunekfloryda.com\/polskiefirmy\/kategoria\/tlumaczenia\/\" title=\"View all posts in T\u0142umaczenia\"><strong>T\u0142umaczenia<\/strong> (1)<\/a><\/h3><\/div><\/div><\/div><\/div><div class=\"row acadp-no-margin\"><div class=\"col-md-4\"><div class=\"thumbnail\"><a href=\"https:\/\/kierunekfloryda.com\/polskiefirmy\/kategoria\/ubezpieczenia\/\" class=\"acadp-responsive-container\" title=\"View all posts in Ubezpieczenia\"><img decoding=\"async\" src=\"https:\/\/kierunekfloryda.com\/polskiefirmy\/wp-content\/uploads\/2018\/05\/ubezpieczenia-300x200.jpg\" class=\"acadp-responsive-item\" alt=\"\" \/><\/a><div class=\"caption\"><h3 class=\"acadp-no-margin\"><a href=\"https:\/\/kierunekfloryda.com\/polskiefirmy\/kategoria\/ubezpieczenia\/\" title=\"View all posts in Ubezpieczenia\"><strong>Ubezpieczenia<\/strong> (1)<\/a><\/h3><\/div><\/div><\/div><div class=\"col-md-4\"><div class=\"thumbnail\"><a href=\"https:\/\/kierunekfloryda.com\/polskiefirmy\/kategoria\/uroda\/\" class=\"acadp-responsive-container\" title=\"View all posts in Uroda\"><img decoding=\"async\" src=\"https:\/\/kierunekfloryda.com\/polskiefirmy\/wp-content\/uploads\/2018\/05\/uroda-300x200.jpg\" class=\"acadp-responsive-item\" alt=\"\" \/><\/a><div class=\"caption\"><h3 class=\"acadp-no-margin\"><a href=\"https:\/\/kierunekfloryda.com\/polskiefirmy\/kategoria\/uroda\/\" title=\"View all posts in Uroda\"><strong>Uroda<\/strong> (4)<\/a><\/h3><\/div><\/div><\/div><\/div><\/div>\r\n\r\n\n","protected":false},"excerpt":{"rendered":"","protected":false},"author":1,"featured_media":0,"parent":0,"menu_order":0,"comment_status":"closed","ping_status":"closed","template":"","meta":{"footnotes":""},"class_list":["post-20","page","type-page","status-publish","hentry"],"_links":{"self":[{"href":"https:\/\/kierunekfloryda.com\/polskiefirmy\/wp-json\/wp\/v2\/pages\/20","targetHints":{"allow":["GET"]}}],"collection":[{"href":"https:\/\/kierunekfloryda.com\/polskiefirmy\/wp-json\/wp\/v2\/pages"}],"about":[{"href":"https:\/\/kierunekfloryda.com\/polskiefirmy\/wp-json\/wp\/v2\/types\/page"}],"author":[{"embeddable":true,"href":"https:\/\/kierunekfloryda.com\/polskiefirmy\/wp-json\/wp\/v2\/users\/1"}],"replies":[{"embeddable":true,"href":"https:\/\/kierunekfloryda.com\/polskiefirmy\/wp-json\/wp\/v2\/comments?post=20"}],"version-history":[{"count":2,"href":"https:\/\/kierunekfloryda.com\/polskiefirmy\/wp-json\/wp\/v2\/pages\/20\/revisions"}],"predecessor-version":[{"id":250,"href":"https:\/\/kierunekfloryda.com\/polskiefirmy\/wp-json\/wp\/v2\/pages\/20\/revisions\/250"}],"wp:attachment":[{"href":"https:\/\/kierunekfloryda.com\/polskiefirmy\/wp-json\/wp\/v2\/media?parent=20"}],"curies":[{"name":"wp","href":"https:\/\/api.w.org\/{rel}","templated":true}]}}